
What is the value of (-1650 - -1664 - (1 - -7 - -2)) + 7?
11
What is 8 + 5 + -1 + (10 - 11) + -12 + 42?
41
Evaluate -109 - (-3 + 51 - 72).
-85
What is the value of (-2 - -11) + (-17 + 1 - -26)?
19
Evaluate (7 + 1 + 23 - 6) + -9.
16
What is the value of ((-9 - (3 + 15 + -12)) + -33 - 12) + 14?
-46
Evaluate (17 - 23) + -59 - (-24 - 2).
-39
Evaluate 27 + (-56 + 0 - (-614 + 629)).
-44
Calculate 53 + (-165 + 40 - -50).
-22
Evaluate 10 - (76 + 3 + -25 + 16).
-60
Calculate (41 - -9) + 3 - (167 - 177).
63
What is the value of (-27 - -36) + -20 - (-19 + 15 + -7)?
0
Calculate (-10 - (-5 + 1)) + -3 + -147 - (-27 + 13).
-142
Calculate (16 - 6) + 75 - (-10 - 2 - -28).
69
9 + -2 + 1 + (35 - 23 - 29) + -6
-15
What is the value of 8 + ((-21 - -5) + 17 - (-1 - (-1 - -41)))?
50
Calculate -2 + 28 - (-1123 - -1175).
-26
Calculate 0 + -48 - (522 - 568).
-2
What is 67 - (-54 + 58 + 77)?
-14
-3 - -4 - ((-4 - 15 - (23 + -28)) + 67)
-52
Evaluate 61 + -28 + 22 + -26 - 20.
9
Evaluate (-53 - 1 - -17) + (2 + 7 - 4).
-32
Calculate -1667 - -1656 - (-6 - (5 + -41)).
-41
Evaluate -1 - (-16 + 1 + (500 - 470)) - 61.
-77
What is -34 - (-43 + -125 + -31 + 60)?
105
Evaluate 78 - (13 + 0 + -41 + 49).
57
(-37 - 4) + 91 + -80
-30
What is (1 + -1 - -151 - (-15 - -20)) + 411 + -416?
141
Evaluate 17 - (-49 + (6 - -42)).
18
What is -32 + 20 + -3 + 5 + -3 + 54 + -4?
37
Evaluate 46 + (-32 - 44) + 58.
28
What is the value of -84 - ((-64 - 2 - -15) + 16 + 17)?
-66
What is 62 + (14 - 88) + (-2 - (-2 + 1))?
-13
Evaluate 13 + -2 + 3 + (-1 + 19 + 5 - -11).
48
Evaluate -27 + 33 - (3 + -47 - 3) - (0 - -11).
42
Evaluate (77 - (0 - 36)) + -54.
59
(-15 - (49 - (-22 - -97))) + (-2 - (-2 - -22))
-11
Evaluate 3 + (7 - (-9 + 3)) + -10.
6
What is -8 + (1 - -16) + 5 - 80?
-66
(-10 - (-29 - (-9 - 16))) + -38 + 3
-41
Evaluate (-182 - (-134 + -58)) + 9 + 1.
20
What is the value of -58 - (-10 - (74 + -5))?
21
What is the value of 47 - (5 - -95 - 81)?
28
What is the value of (-14 + 14 + -8 - (-13 - 2)) + (-12 - -4)?
-1
11 + 8 - (-19 + 40 + -78)
76
Calculate (6 - (-38 + 9 - -22)) + -18.
-5
Evaluate -9 + 17 - -1 - ((11 - 28) + 18).
8
What is (24 - (21 - -43)) + (-3 - -10) + 1?
-32
What is 10 + (-184 + 55 - -109)?
-10
Evaluate (72 + -14 - (-1 - 4)) + (12 + -9 - 4).
62
(1 - 18) + (21 - (11 - (15 + -26)))
-18
What is the value of -42 - (16 + -43 + 30 - (1 - -8))?
-36
Evaluate -11 + 1 - ((-35 - (-2 + -24)) + -2 + -9).
10
What is 1 - ((-5 - (3 - 1)) + (-31 - 74 - -22))?
91
Calculate -108 - -112 - (-7 + 45).
-34
What is (8 - 8 - 81) + -8 + 3 + -17 - 11?
-114
(32 - 33) + -3 + 18 + 0 - -10
24
Calculate (-52 - 2) + (-2054 - -2092).
-16
What is the value of -104 + -30 + (-15 - -127)?
-22
Evaluate -30 - -20 - (4 + (-31 - (4 + -11))).
10
Evaluate -131 + 24 - (-154 + 98).
-51
Calculate (-31 - (-16 + 15)) + 110.
80
What is 39 - 53 - (-3 - 8) - (-43 + -1 + 7)?
34
18 + (-61 - (26 - 54))
-15
Evaluate 21 + -2 + -2 + -304 + 288.
1
What is (-34 - (-40 + 20)) + 20 + (-1 + 2 - -1)?
8
What is 71 + -24 - ((-17 - (-13 - -12)) + 34)?
29
What is the value of (-40 - -56 - 6) + -27?
-17
What is the value of 39 + 76 + -261 - -89?
-57
Calculate -48 + 37 - (-4 + 7 + 63 - 3 - 2).
-72
What is -41 + 2 - (335 - 315)?
-59
107 + (-56 + 42 - 65)
28
(-9 + 25 - 59 - -15) + -1
-29
What is 32 + (-69 - (32 + -34)) + -14?
-49
Calculate -3 + 4 + -22 - (-26 + (-6 + 19 - -1)).
-9
What is the value of -42 + 81 + (26 - 85)?
-20
What is the value of -11 + 4 + 40 + -26 + 14 + -1 + -1?
19
What is the value of -61 - (61 - 113) - (0 - -17)?
-26
Evaluate 49 + ((-11 - -7) + -5 + 20 - 25).
35
What is -70 + (39 - (-7 + 21 + 2 + 9))?
-56
What is the value of -112 + 142 + -67 + -1 + -10?
-48
What is 2 - -2 - (-3432 - -3451)?
-15
What is 400 + -466 - (-4 + 1 + 28)?
-91
(11 - (11 - 5)) + (-18 - -11)
-2
What is -54 + 7 + (131 - 45) + -74?
-35
Evaluate -29 + (3 - 3) + (-103 - -147).
15
Evaluate -35 + (41 - (22 + -25)) + 107.
116
(4 - 3) + 3 + 456 + -494
-34
What is the value of -3356 + 3349 - (-49 - 0)?
42
-20 + (-4 - -48) - 41
-17
What is the value of -11 - (19 - 36 - -20) - -12?
-2
Evaluate -5 + 15 + 7 + -7 + -66 + 54.
-2
38 + -54 + -38 + 83
29
What is the value of (0 - (0 + 2)) + -3 + 3 + -957 + 928?
-31
Evaluate -16 - (-4 - (-20 + -15 + 1)).
-46
What is the value of -22 + (-3 - 15) + (-36 - -44) - (3 - -1)?
-36
Evaluate 0 + 3 + -14 + 7 + 16 + -8.
4
What is (2233 - 2212) + 5 + -1?
25
Calculate (107 - -74) + -14 - 90.
77
What is (-9 - -3) + 58 + -135 + (14 - (-8 + 12))?
-73
Evaluate -45 - (-3 + 12 + 15 - 27).
-42
What is 40 + (37 - 25 - 24) - -21?
49
What is (73 - 42) + 41 + -74?
-2
Evaluate -7 + (-5 - ((2 - 4) + -15)) - 43.
-38
Evaluate 33 + (-8 - 16) + -14 - -20.
15
-5 + -1 - (-12 + 24 + -27) - (0 + 15)
-6
What is 25610 + -25526 + -1 + -144?
-61
Evaluate -82 - -83 - (6 - -58).
-63
What is the value of -11 + (4 - -2) + 4 + (15 - 14) + 5?
5
9 + -8 + 1 - -6 - (41 + -13 - 7)
-13
Calculate 4 - (10 + 11 + -49 + -9 + 13).
28
What is the value of 32 + 30 + 37 + -55?
44
What is the value of -8 - (11 + -1 + 41 + -34)?
-25
What is the value of (21632 - 21644) + (0 - -1 - -62)?
51
-1 + 71 + (-11 - (70 - 70))
59
What is the value of -19 + (27 - (-30 + 24 + 10))?
4
Calculate (6 - 3) + 26 + 7668 + -7658.
39
What is the value of -65 + 73 + -27 + -55?
-74
Calculate -18 + 4 + 5 + 6 + 10.
7
-90 + (17 - 18) + 122
31
Calculate -4 - (-22 - (67 + -42 + 19)).
62
Calculate -21 + 21 + -91 + (22 - -5).
-64
What is -12 - (129 + -58 - 50)?
-33
What is -36 + -15 + (3 + 1 - (0 - (-6 - -9)))?
-44
Calculate 211 + -153 - (-1 + -5 + 17).
47
What is -32 + 29 + 17 + -3?
11
What is (-11 - (-28 - -21) - -32) + 10?
38
Evaluate -12 - ((3 - (14 - 10)) + (-8 - -23) + -2).
-24
Calculate -12 - (-3 + -32) - (-31 - 0).
54
What is the value of -37 + -4 + (47 - 33) + -20 + -1 + -1?
-49
What is 7 + ((-19 - -21) + 10 - (-4 - -66))?
-43
-63 - ((12 - (0 + 0)) + -14 - 1)
-60
Calculate 45 + (33 - 16) + (11 - 31).
42
Calculate 22 + (3 + (8 - (3 + -8 + 7)) - 0).
31
What is the value of -9 + (-9 + 0 - -50)?
32
Evaluate -15 + -2 - (38 + 2 - 40).
-17
What is (22 - 12 - (9 - 2)) + (109 - 5) + -11?
96
What is 54 - (150 + -77) - (56 - 4)?
-71
Evaluate -6 + (26 - (39 + -2 + -14)).
-3
What is -64 - (-102 + -94 + 120)?
12
What is 60 + (-58 - (-41 - -10))?
33
What is 0 - (-5 - (-5 + -2) - 16 - (-43 - 53))?
-82
What is the value of 22 + (-47 + 117 - 133)?
-41
What is (-36 - (-26 + 16)) + 33?
7
Calculate -1 + (-91 - (89 + -243)).
62
What is -1 + 13 - ((17 - 36) + -19 + 17)?
33
What is the value of 38 - 6 - (1 - (-3 - -7 - -7))?
42
Evaluate -26 - ((-9 - (-14 - 13)) + -15).
-29
Evaluate (49 - -35) + -130 + (-2 - -3 - 7) + 1.
-51
Calculate (6 - -13) + 33 + -11 + -37.
4
75 + (-8 - 0 - (4 + -29)) + -14
78
((-30 - 35) + 75 - (1 + 16)) + 60 + -1
52
What is -50 - (9 + -25) - -27?
-7
Calculate -117 + -21 + (3 - (-6 + -10)) + 23.
-96
Calculate -4 + (21 - 4 - 5) + -17.
-9
What is the value of (0 - 0) + (-2 - -102 - (847 + -829)) + 6?
88
12 + -42 + (4 - -5) + (14 - (-8 + 18))
-17
Evaluate 1 + (-5 - -1) + (-1 + 1 - -21 - 22).
-4
What is the value of (-5 + 14 - -11 - 12) + (-12 + 0 - 0)?
-4
What is -17 + 19 + 2 + 1 - ((96 - 91) + -44)?
44
Calculate -47 + (6 - (4 - 21)) - (8 - (1 + -5)).
-36
0 + -50 - (6 - (-16 + 36))
-36
Evaluate (0 - 29) + 9 - (-19 + 22).
-23
What is the value of 29 - (69 + -1 - -7) - 10?
-56
What is the value of -28 + -39 + -7 - (-26 + 2)?
-50
15 - -11 - 10 - (-1 - -20)
-3
What is (54 + -32 - 39) + -30?
-47
What is -30 + (38 - 18 - -12)?
2
What is the value of (-10 + -6 - -15) + (-9 - (3 + -14))?
1
-44 + (-6 + -9 - -35) - (-41 + -2)
19
What is the value of (158 - 201) + 69 + -1?
25
Calculate (0 - (-7 + -1)) + (46 - -1) + 688 + -722.
21
(1694 - 1754) + 14 + -1
-47
What is 8106 - 7969 - (1 - -41)?
95
Evaluate 18 - -67 - (24 - (-17 + 37)).
81
What is 18 + (-45 - (-61 + 88))?
-54
Calculate -22 + -40 + 32 + 81.
51
What is the value of -81 - ((92 - 18) + -109)?
-46
What is 66 - (-34 + (61 - 28))?
67
What is 1704 - 1680 - (-50 + -2)?
76
(-23 - -47 - (-29 + -11)) + 15
79
Evaluate -9 - ((-22 - 5) + 8 - -4).
6
(7 - (-20 - -13 - -7)) + 4 + 6 + -3
14
What is -74 - (2 + 24 + -435 + 411)?
-76
Calculate 4 - (-77 + 105) - (2 - 13).
-13
What is -8 + -73 + (-181 - -238)?
-24
What is (20 - -4) + 9 - (-12 - 33)?
78
Calculate 0 + 4 - -29 - (-9 + 14).